 h be w(5). Let o be -2 + -98*(-1)/1. What is the greatest common divisor of h and o?
12
Suppose -6*v = -2*v - 60. Let o = v - -25. Calculate the greatest common divisor of 10 and o.
10
Let l(x) be the second derivative of 3*x**3/2 + 5*x. Let y(h) = -h + 6. Let o be y(5). Let a be l(o). What is the greatest common divisor of a and 3?
3
Suppose 5 = -2*l + 13. Suppose -18 = -3*d - 0*d. Let t be (4/6)/(1/d). What is the highest common factor of l and t?
4
Let m = 6 - 49. Let s = m + 106. Calculate the highest common factor of s and 21.
21
Suppose 0 = 3*i - 8*i + 300. What is the highest common factor of 40 and i?
20
Suppose 0 = a - 2 - 3. Suppose -k = -a*k + 16. Let c(j) = -j**3 + 3*j**2 - 2*j + 2. Let b be c(2). What is the highest common factor of b and k?
2
Suppose 2*x - 6 = -4. Let j(y) = -17*y**3 + y**2 - y. Let l be j(x). Let f = -9 - l. What is the greatest common factor of f and 4?
4
Suppose -3*s + 2*s + 4 = 0. What is the greatest common divisor of 10 and s?
2
Suppose -17*p + 24 = -13*p. Let f be ((-84)/8)/(p/(-8)). Calculate the greatest common factor of 35 and f.
7
Let i(x) = x**3 + 7*x**2 - 2*x - 6. Let w be i(-7). Let u(a) = -a**3 + a**2 + 64. Let r be u(0). What is the highest common factor of r and w?
8
Let p = 57 + -8. Calculate the greatest common factor of 7 and p.
7
Suppose 4*n - 2*y - 5 = 217, -5*y = -5*n + 270. Calculate the highest common factor of n and 38.
19
Let g = -5 + 14. Let q be (-324)/(-6)*(6/4 - 0). What is the highest common divisor of g and q?
9
Let d(c) = c**2 + 12*c - 8. Let h be d(-14). Suppose -4*x - 8 = -24. Calculate the highest common factor of x and h.
4
Suppose 5*t + 21 = 196. What is the highest common divisor of t and 245?
35
Let q = -37 + 97. What is the greatest common divisor of 300 and q?
60
Suppose 0 = -0*t - 3*t - 198. Let f = -247 - -49. Let b = t - f. Calculate the greatest common divisor of b and 12.
12
Let s be (-3)/(0 - 3/4). Suppose 3*d - s*x - 36 = 0, 3*d + 3*x = 5*d - 24. Calculate the highest common divisor of d and 24.
12
Let r(k) = -k**3 + 2*k**2 + 2*k + 2. Let i be r(-2). Let b = -697 + 718. What is the greatest common factor of b and i?
7
Let f = -47 - -127. Let r = 11 + -7. Suppose -42 = -r*h + 86. What is the greatest common divisor of h and f?
16
Let q(r) = r**2 + 2*r - 13. Suppose -4*w + 6 = 14, -5*w + 35 = -5*i. Let c be q(i). Calculate the highest common divisor of c and 20.
10
Let o be 4/6 + 7745/15. Suppose 3*l + 139 - o = 0. What is the greatest common divisor of 18 and l?
18
Suppose -a - a = -36. Calculate the greatest common divisor of 9 and a.
9
Let k(y) = y**3 + 3*y**2 + 2*y + 3. Let j be k(-2). Calculate the greatest common factor of 21 and j.
3
Let t(h) = -h**3 - 2*h**2 + h - 2. Let o be t(-3). Suppose v - 10 = o. Suppose -5*w + 30 = -5. Calculate the highest common factor of w and v.
7
Suppose 3*k - 26 = -w, 0 = -3*w + 2*k + 10 + 13. Calculate the highest common factor of w and 88.
11
Suppose 176 = 2*a + 4*q, -4*a + 4*q - q = -308. What is the greatest common factor of a and 5?
5
Let x be (1 + (-9)/5)/((-6)/1380). Calculate the highest common factor of 23 and x.
23
Let b be (14/(-4))/(1/(-2)). Suppose -2*f = 3*z + 4, -19 = -f + 2*z - b. Suppose 0*n + 208 = f*n. Calculate the highest common divisor of 13 and n.
13
Suppose 21 + 24 = 3*r. Suppose -2*o + r = -11. Calculate the highest common factor of o and 26.
13
Suppose 4*k = -2*i + 294, 13 = -4*i + 1. Suppose -4*d - 55 = -5*g, 81 - 1 = 4*g + 4*d. What is the greatest common factor of k and g?
15
Let y be (-3 - 0) + -1 - (-6 - 36). Calculate the greatest common factor of y and 114.
38
Let r(h) = -5*h - 12. Let o be r(-8). Suppose 5*l = -4*t + 54, 0 = 2*t - 0*l + 2*l - o. What is the highest common divisor of 16 and t?
16
Let r(p) be the second derivative of -5/12*p**4 + 2*p + 0 + 3/2*p**2 + 1/6*p**3 + 1/20*p**5. Let q be r(5). What is the highest common divisor of 32 and q?
8
Let f = -2 + -5. Let y = 11 + f. Suppose -210 = -y*g - g - 2*j, 0 = 4*j - 20. Calculate the highest common factor of g and 20.
20
Suppose 0 = n + 3*p - 75, -3*p + 9 = -6. Calculate the highest common factor of 24 and n.
12
Let a be (-2 + 8/2)/2. Let q(v) = 20*v**2 + v. Let j be q(a). Suppose 632 = 6*n - 376. Calculate the highest common factor of n and j.
21
Let g(x) = x**3 + 12*x**2 + 11*x + 6. Let y be g(-11). Calculate the highest common divisor of 4 and y.
2
Let z = 155 - 96. Suppose 15 = -4*w + z. Let v = -6 + w. Calculate the greatest common factor of v and 35.
5
Let u be (-1)/((-1)/4 + 0). Let m(q) = -q**3 - 7*q**2 + q + 12. Let o be m(-7). Suppose u*k = 3*k + o. What is the greatest common divisor of k and 15?
5
Let p = 21 + -19. Suppose 0*l + 3*s = -5*l + 70, 3*l - p*s - 23 = 0. Calculate the highest common factor of l and 88.
11
Let j = -3 - -7. What is the greatest common factor of j and 20?
4
Let a(s) = -2*s**3 - 15*s**2 - 12*s - 16. Let l(r) = r**3 + r**2 + r. Let w(q) = a(q) + 3*l(q). Let o be w(13). Calculate the greatest common factor of o and 9.
9
Let g(p) = -p - 3. Let a be g(-6). Let j be ((-6)/8)/(a/(-12)). Let z be ((-4)/j)/((-2)/15). Calculate the highest common divisor of z and 70.
10
Let f(x) = x**3 - 4*x**2 + 2*x + 2. Let p be f(3). Let r be (-2)/(((-1)/(-40))/p). What is the highest common divisor of r and 20?
20
Let j(w) = w - 4. Let z be j(6). Let h = 11 - z. Let r = -62 - -63. What is the highest common divisor of r and h?
1
Let q(h) = h**3 - 5*h**2 - 4*h - 5. Suppose 2*t - t - 6 = 0. Let p be q(t). Let f = -96 + 166. Calculate the highest common divisor of p and f.
7
Let j = -6 + 8. Suppose 5*f = 5*a + 15, 3*f + j = 2*a + 10. Suppose -f*m = -m - 95. What is the greatest common factor of 19 and m?
19
Let p be 10*(204/30 + -6). Let x be -1 + 0/2 + -1. Let i be ((-3)/x)/((-6)/(-256)). What is the highest common factor of i and p?
8
Let a = 8 - 3. Let r(v) = v**3 - 4*v**2 + v + 4. Let m be r(a). Suppose 0 = -4*d + 92 + 112. What is the greatest common divisor of m and d?
17
Suppose 9*s - 5*s - 432 = 0. Calculate the highest common factor of s and 12.
12
Let w be (-62 - 1) + 1 - 0. Let s be w/(-10) + 3/(-15). Let q = -1 - -25. What is the greatest common factor of s and q?
6
Suppose -30 = -2*i - 12. What is the greatest common divisor of 54 and i?
9
Suppose 3*p - 461 = 4*k, -3*p + 720 = 2*p + 3*k. What is the highest common factor of 21 and p?
21
Let d be (-234)/(-8) + (-1)/4. Let u = d - 13. What is the greatest common factor of u and 144?
16
Let b(d) = 4*d**2 - 12. Let x be b(-3). Calculate the greatest common divisor of 108 and x.
12
Let c(s) = -s**3 - 9*s**2 - 14*s - 9. Let r be c(-8). What is the highest common divisor of 351 and r?
39
Suppose 0 = 4*m - 4*b - 20, -4*m - m + b + 17 = 0. Suppose 48 = 2*c - m*s - s, 3*s - 96 = -4*c. Calculate the greatest common factor of 8 and c.
8
Let s be ((-12)/(-50)*45)/(3/40). Calculate the greatest common factor of s and 36.
36
Suppose 120 = 4*i - 24. Calculate the highest common factor of 9 and i.
9
Suppose -3*p + 1 = -4*p, 0 = -5*m - p + 24. Let n be 10/6*(m + 1). Calculate the greatest common factor of 20 and n.
10
Let h = -55 - -76. Let r be 0 + (1 - (0 - 2)). What is the highest common divisor of r and h?
3
Suppose -4 = l - 2*l. Suppose 0 = 5*i - 11 - l. Suppose 0 = k + i*c - 5, -4*k + c = 4*c - 47. Calculate the greatest common divisor of k and 154.
14
Let z be 241/5 - (-2)/(-10). Calculate the highest common factor of 12 and z.
12
Let g be (0 + -4)/(5 - 3) - -30. What is the highest common divisor of 21 and g?
7
Suppose r + 3 = 9. Let n(m) = -m**3 - 15*m**2 + 17*m + 18. Let i be n(-16). What is the highest common divisor of r and i?
2
Let o(p) = p**2 + 8*p - 4. Let g be o(-9). Suppose -m + 3*n + 8 = -11, -n = g*m - 63. Calculate the highest common divisor of 39 and m.
13
Suppose -4*p + 250 = -290. Calculate the greatest common factor of 54 and p.
27
Suppose i = 2*c - 3*i + 10, 10 = 5*c - 3*i. Let g = -41 + 13. Let p = g - -43. What is the highest common divisor of p and c?
5
Let q be 10752/70 + 3/(-5). What is the highest common factor of q and 17?
17
Let p(t) = -t**3 + 7*t**2 - 5*t - 3. Suppose a - 1 = 5. Let d be p(a). What is the highest common factor of 6 and d?
3
Suppose -21 = 2*f - 75. Let n = 48 - f. Suppose -z = t, 2*t - 5*z = -1 + 22. What is the greatest commo